{"id":253,"date":"2020-01-25T09:56:55","date_gmt":"2020-01-25T09:56:55","guid":{"rendered":"https:\/\/demo.shadow-themes.com\/wp\/ashade\/?page_id=253"},"modified":"2021-12-07T11:10:10","modified_gmt":"2021-12-07T14:10:10","slug":"about-me","status":"publish","type":"page","link":"https:\/\/2dofilmes.com.br\/index.php\/about-me\/","title":{"rendered":"2DO"},"content":{"rendered":"\t\t<div data-elementor-type=\"wp-page\" data-elementor-id=\"253\" class=\"elementor elementor-253\" data-elementor-settings=\"[]\">\n\t\t\t\t\t\t\t<div class=\"elementor-section-wrap\">\n\t\t\t\t\t\t\t<section class=\"elementor-section elementor-top-section elementor-element elementor-element-9a14af7 elementor-section-boxed elementor-section-height-default elementor-section-height-default\" data-id=\"9a14af7\" data-element_type=\"section\">\n\t\t\t\t\t\t<div class=\"elementor-container elementor-column-gap-default\">\n\t\t\t\t\t<div class=\"elementor-column elementor-col-100 elementor-top-column elementor-element elementor-element-3d1ed23\" data-id=\"3d1ed23\" data-element_type=\"column\">\n\t\t\t<div class=\"elementor-widget-wrap elementor-element-populated\">\n\t\t\t\t\t\t\t\t<div class=\"elementor-element elementor-element-6f04eab elementor-widget elementor-widget-heading\" data-id=\"6f04eab\" data-element_type=\"widget\" data-widget_type=\"heading.default\">\n\t\t\t\t<div class=\"elementor-widget-container\">\n\t\t\t<h3 class=\"elementor-heading-title elementor-size-default\"><span>Onde a magia acontece<\/span>\n2DO Filmes<\/h3>\t\t<\/div>\n\t\t\t\t<\/div>\n\t\t\t\t<div class=\"elementor-element elementor-element-a139bf8 elementor-widget elementor-widget-text-editor\" data-id=\"a139bf8\" data-element_type=\"widget\" data-widget_type=\"text-editor.default\">\n\t\t\t\t<div class=\"elementor-widget-container\">\n\t\t\t\t\t\t\t\t<p id=\"tw-target-text\" class=\"tw-data-text tw-text-large XcVN5d tw-ta\" dir=\"ltr\" data-placeholder=\"Tradu\u00e7\u00e3o\"><span class=\"Y2IQFc\" lang=\"pt\">Este \u00e9 o lugar onde trabalhamos com luzes e sombras para criar algo brilhante. Estou falando sobre a 2DO que est\u00e1 localizado na Av das Am\u00e9ricas n\u00ba12.900 &#8211; Barra da Tijuca, RJ. Aqui podemos discutir e criar seu portf\u00f3lio de fotos e v\u00eddeos em um ambiente confort\u00e1vel e profissional.<\/span><\/p>\t\t\t\t\t\t<\/div>\n\t\t\t\t<\/div>\n\t\t\t\t\t<\/div>\n\t\t<\/div>\n\t\t\t\t\t\t\t<\/div>\n\t\t<\/section>\n\t\t\t\t<section class=\"elementor-section elementor-top-section elementor-element elementor-element-3dea3bc elementor-section-boxed elementor-section-height-default elementor-section-height-default\" data-id=\"3dea3bc\" data-element_type=\"section\">\n\t\t\t\t\t\t<div class=\"elementor-container elementor-column-gap-default\">\n\t\t\t\t\t<div class=\"elementor-column elementor-col-100 elementor-top-column elementor-element elementor-element-20693ec\" data-id=\"20693ec\" data-element_type=\"column\">\n\t\t\t<div class=\"elementor-widget-wrap elementor-element-populated\">\n\t\t\t\t\t\t\t\t<div class=\"elementor-element elementor-element-f6eca5d shadowcore-grid-column--4 shadowcore-grid-caption--none elementor-widget elementor-widget-shadow-gallery-grid\" data-id=\"f6eca5d\" data-element_type=\"widget\" data-widget_type=\"shadow-gallery-grid.default\">\n\t\t\t\t<div class=\"elementor-widget-container\">\n\t\t\t\t\t<div class=\"shadowcore-grid\">\r\n\t\t\t\t\t\t<div class=\"shadowcore-gallery-item shadowcore-grid-item\">\r\n\t\t\t\t<div class=\"shadowcore-gallery-item__inner\">\r\n\t\t\t\t\t<a \thref=\"https:\/\/2dofilmes.com.br\/wp-content\/uploads\/2021\/06\/IMG_2626-scaled.jpg\" \r\n\t\t\t\t\t\tclass=\"shadowcore-lightbox-link\" \r\n\t\t\t\t\t\tdata-elementor-open-lightbox=\"no\"\r\n\t\t\t\t\t\tdata-gallery = \"grid_f6eca5d\" \r\n\t\t\t\t\t\t\t\t\t\t\t\tdata-size=\"2560x1920\">\r\n\t\t\t\t\t<\/a>\r\n\t\t\t\t\t<img \r\n\t\t\t\t\t\tclass=\"shadowcore-lazy\" \r\n\t\t\t\t\t\tsrc=\"data:image\/svg+xml,%3Csvg%20xmlns='http:\/\/www.w3.org\/2000\/svg'%20viewBox='0%200%20580%20480'%3E%3C\/svg%3E\"\r\n\t\t\t\t\t\tdata-src=\"https:\/\/2dofilmes.com.br\/wp-content\/uploads\/2021\/06\/IMG_2626-scaled-580x480.jpg\" \r\n\t\t\t\t\t\talt=\"\" \r\n\t\t\t\t\t\twidth=\"580\" \r\n\t\t\t\t\t\theight=\"480\">\r\n\t\t\t\t\t<div class=\"shadowcore-grid-caption\"><\/div>\r\n\t\t\t\t<\/div>\r\n\t\t\t<\/div><!-- .shadowcore-gallery-item -->\r\n\t\t\t\t\t\t<div class=\"shadowcore-gallery-item shadowcore-grid-item\">\r\n\t\t\t\t<div class=\"shadowcore-gallery-item__inner\">\r\n\t\t\t\t\t<a \thref=\"https:\/\/2dofilmes.com.br\/wp-content\/uploads\/2021\/12\/Eddy-5-e1638887296361.jpeg\" \r\n\t\t\t\t\t\tclass=\"shadowcore-lightbox-link\" \r\n\t\t\t\t\t\tdata-elementor-open-lightbox=\"no\"\r\n\t\t\t\t\t\tdata-gallery = \"grid_f6eca5d\" \r\n\t\t\t\t\t\t\t\t\t\t\t\tdata-size=\"819x752\">\r\n\t\t\t\t\t<\/a>\r\n\t\t\t\t\t<img \r\n\t\t\t\t\t\tclass=\"shadowcore-lazy\" \r\n\t\t\t\t\t\tsrc=\"data:image\/svg+xml,%3Csvg%20xmlns='http:\/\/www.w3.org\/2000\/svg'%20viewBox='0%200%20580%20480'%3E%3C\/svg%3E\"\r\n\t\t\t\t\t\tdata-src=\"https:\/\/2dofilmes.com.br\/wp-content\/uploads\/2021\/12\/Eddy-5-e1638887296361-580x480.jpeg\" \r\n\t\t\t\t\t\talt=\"\" \r\n\t\t\t\t\t\twidth=\"580\" \r\n\t\t\t\t\t\theight=\"480\">\r\n\t\t\t\t\t<div class=\"shadowcore-grid-caption\"><\/div>\r\n\t\t\t\t<\/div>\r\n\t\t\t<\/div><!-- .shadowcore-gallery-item -->\r\n\t\t\t\t\t\t<div class=\"shadowcore-gallery-item shadowcore-grid-item\">\r\n\t\t\t\t<div class=\"shadowcore-gallery-item__inner\">\r\n\t\t\t\t\t<a \thref=\"https:\/\/2dofilmes.com.br\/wp-content\/uploads\/2020\/01\/studio04.jpg\" \r\n\t\t\t\t\t\tclass=\"shadowcore-lightbox-link\" \r\n\t\t\t\t\t\tdata-elementor-open-lightbox=\"no\"\r\n\t\t\t\t\t\tdata-gallery = \"grid_f6eca5d\" \r\n\t\t\t\t\t\t\t\t\t\t\t\tdata-caption=\"Light Equipment\"\r\n\t\t\t\t\t\t\t\t\t\t\t\tdata-size=\"1160x920\">\r\n\t\t\t\t\t<\/a>\r\n\t\t\t\t\t<img \r\n\t\t\t\t\t\tclass=\"shadowcore-lazy\" \r\n\t\t\t\t\t\tsrc=\"data:image\/svg+xml,%3Csvg%20xmlns='http:\/\/www.w3.org\/2000\/svg'%20viewBox='0%200%20580%20480'%3E%3C\/svg%3E\"\r\n\t\t\t\t\t\tdata-src=\"https:\/\/2dofilmes.com.br\/wp-content\/uploads\/2020\/01\/studio04-580x480.jpg\" \r\n\t\t\t\t\t\talt=\"\" \r\n\t\t\t\t\t\twidth=\"580\" \r\n\t\t\t\t\t\theight=\"480\">\r\n\t\t\t\t\t<div class=\"shadowcore-grid-caption\">Light Equipment<\/div>\r\n\t\t\t\t<\/div>\r\n\t\t\t<\/div><!-- .shadowcore-gallery-item -->\r\n\t\t\t\t\t\t<div class=\"shadowcore-gallery-item shadowcore-grid-item\">\r\n\t\t\t\t<div class=\"shadowcore-gallery-item__inner\">\r\n\t\t\t\t\t<a \thref=\"https:\/\/2dofilmes.com.br\/wp-content\/uploads\/2021\/12\/Eddy-3.jpeg\" \r\n\t\t\t\t\t\tclass=\"shadowcore-lightbox-link\" \r\n\t\t\t\t\t\tdata-elementor-open-lightbox=\"no\"\r\n\t\t\t\t\t\tdata-gallery = \"grid_f6eca5d\" \r\n\t\t\t\t\t\t\t\t\t\t\t\tdata-size=\"742x1024\">\r\n\t\t\t\t\t<\/a>\r\n\t\t\t\t\t<img \r\n\t\t\t\t\t\tclass=\"shadowcore-lazy\" \r\n\t\t\t\t\t\tsrc=\"data:image\/svg+xml,%3Csvg%20xmlns='http:\/\/www.w3.org\/2000\/svg'%20viewBox='0%200%20580%20480'%3E%3C\/svg%3E\"\r\n\t\t\t\t\t\tdata-src=\"https:\/\/2dofilmes.com.br\/wp-content\/uploads\/2021\/12\/Eddy-3-580x480.jpeg\" \r\n\t\t\t\t\t\talt=\"\" \r\n\t\t\t\t\t\twidth=\"580\" \r\n\t\t\t\t\t\theight=\"480\">\r\n\t\t\t\t\t<div class=\"shadowcore-grid-caption\"><\/div>\r\n\t\t\t\t<\/div>\r\n\t\t\t<\/div><!-- .shadowcore-gallery-item -->\r\n\t\t\t\t\t<\/div><!-- .shadowcore-grid -->\r\n\t\t\t\t<\/div>\n\t\t\t\t<\/div>\n\t\t\t\t\t<\/div>\n\t\t<\/div>\n\t\t\t\t\t\t\t<\/div>\n\t\t<\/section>\n\t\t\t\t<section class=\"elementor-section elementor-top-section elementor-element elementor-element-9e9ee51 elementor-section-boxed elementor-section-height-default elementor-section-height-default\" data-id=\"9e9ee51\" data-element_type=\"section\">\n\t\t\t\t\t\t<div class=\"elementor-container elementor-column-gap-default\">\n\t\t\t\t\t<div class=\"elementor-column elementor-col-100 elementor-top-column elementor-element elementor-element-cad8326\" data-id=\"cad8326\" data-element_type=\"column\">\n\t\t\t<div class=\"elementor-widget-wrap elementor-element-populated\">\n\t\t\t\t\t\t\t\t<div class=\"elementor-element elementor-element-21bd96e elementor-widget elementor-widget-heading\" data-id=\"21bd96e\" data-element_type=\"widget\" data-widget_type=\"heading.default\">\n\t\t\t\t<div class=\"elementor-widget-container\">\n\t\t\t<h3 class=\"elementor-heading-title elementor-size-default\"><span>Como isso acontece<\/span>\nProcesso<\/h3>\t\t<\/div>\n\t\t\t\t<\/div>\n\t\t\t\t<div class=\"elementor-element elementor-element-31b09db elementor-widget elementor-widget-text-editor\" data-id=\"31b09db\" data-element_type=\"widget\" data-widget_type=\"text-editor.default\">\n\t\t\t\t<div class=\"elementor-widget-container\">\n\t\t\t\t\t\t\t\t<p id=\"tw-target-text\" class=\"tw-data-text tw-text-large XcVN5d tw-ta\" dir=\"ltr\" data-placeholder=\"Tradu\u00e7\u00e3o\"><span class=\"Y2IQFc\" lang=\"pt\">Aqui n\u00f3s gostamos de mostrar o processamento de fotos e v\u00eddeos. \u00c0s vezes, voc\u00ea n\u00e3o pode ver o resultado sem compara\u00e7\u00e3o direta. Ent\u00e3o vamos mostrar a voc\u00ea a compara\u00e7\u00e3o direta da foto antes e depois do processamento, onde fizemos o tratamento da foto, removemos o ru\u00eddo de fundo e melhoramos o brilho da cor.<\/span><\/p>\t\t\t\t\t\t<\/div>\n\t\t\t\t<\/div>\n\t\t\t\t\t<\/div>\n\t\t<\/div>\n\t\t\t\t\t\t\t<\/div>\n\t\t<\/section>\n\t\t\t\t<section class=\"elementor-section elementor-top-section elementor-element elementor-element-60aeee0 elementor-section-boxed elementor-section-height-default elementor-section-height-default\" data-id=\"60aeee0\" data-element_type=\"section\">\n\t\t\t\t\t\t<div class=\"elementor-container elementor-column-gap-default\">\n\t\t\t\t\t<div class=\"elementor-column elementor-col-100 elementor-top-column elementor-element elementor-element-70a1bd5\" data-id=\"70a1bd5\" data-element_type=\"column\">\n\t\t\t<div class=\"elementor-widget-wrap elementor-element-populated\">\n\t\t\t\t\t\t\t\t<div class=\"elementor-element elementor-element-e5ee0fe shadowcore-divider-icon--yes elementor-widget elementor-widget-shadow-before-after\" data-id=\"e5ee0fe\" data-element_type=\"widget\" data-widget_type=\"shadow-before-after.default\">\n\t\t\t\t<div class=\"elementor-widget-container\">\n\t\t\t\t\t<div class=\"shadowcore-before-after\" data-img-before=\"https:\/\/2dofilmes.com.br\/wp-content\/uploads\/2020\/01\/before.jpg\" data-img-after=\"https:\/\/2dofilmes.com.br\/wp-content\/uploads\/2020\/01\/after.jpg\">\r\n\t\t\t<img decoding=\"async\" loading=\"lazy\" src=\"https:\/\/2dofilmes.com.br\/wp-content\/uploads\/2020\/01\/before.jpg\" alt=\"before\" width=\"1920\" height=\"1280\">\r\n        <\/div><!-- .shadowcore-before-after -->\r\n\t\t\t\t<\/div>\n\t\t\t\t<\/div>\n\t\t\t\t\t<\/div>\n\t\t<\/div>\n\t\t\t\t\t\t\t<\/div>\n\t\t<\/section>\n\t\t\t\t<section class=\"elementor-section elementor-top-section elementor-element elementor-element-26b1d17 elementor-section-boxed elementor-section-height-default elementor-section-height-default\" data-id=\"26b1d17\" data-element_type=\"section\">\n\t\t\t\t\t\t<div class=\"elementor-container elementor-column-gap-default\">\n\t\t\t\t\t<div class=\"elementor-column elementor-col-100 elementor-top-column elementor-element elementor-element-36eab33\" data-id=\"36eab33\" data-element_type=\"column\">\n\t\t\t<div class=\"elementor-widget-wrap elementor-element-populated\">\n\t\t\t\t\t\t\t\t<div class=\"elementor-element elementor-element-13176c0 elementor-widget elementor-widget-heading\" data-id=\"13176c0\" data-element_type=\"widget\" data-widget_type=\"heading.default\">\n\t\t\t\t<div class=\"elementor-widget-container\">\n\t\t\t<h3 class=\"elementor-heading-title elementor-size-default\"><span>n\u00e3o h\u00e1 nada melhor que<\/span>\nclientes felizes<\/h3>\t\t<\/div>\n\t\t\t\t<\/div>\n\t\t\t\t\t<\/div>\n\t\t<\/div>\n\t\t\t\t\t\t\t<\/div>\n\t\t<\/section>\n\t\t\t\t<section class=\"elementor-section elementor-top-section elementor-element elementor-element-f36cc73 elementor-section-boxed elementor-section-height-default elementor-section-height-default\" data-id=\"f36cc73\" data-element_type=\"section\">\n\t\t\t\t\t\t<div class=\"elementor-container elementor-column-gap-default\">\n\t\t\t\t\t<div class=\"elementor-column elementor-col-33 elementor-top-column elementor-element elementor-element-7cd738f elementor-hidden-tablet elementor-hidden-phone\" data-id=\"7cd738f\" data-element_type=\"column\">\n\t\t\t<div class=\"elementor-widget-wrap\">\n\t\t\t\t\t\t\t\t\t<\/div>\n\t\t<\/div>\n\t\t\t\t<div class=\"elementor-column elementor-col-33 elementor-top-column elementor-element elementor-element-ec7567c\" data-id=\"ec7567c\" data-element_type=\"column\">\n\t\t\t<div class=\"elementor-widget-wrap elementor-element-populated\">\n\t\t\t\t\t\t\t\t<div class=\"elementor-element elementor-element-997911e shadowcore-op-above--yes shadowcore-testimonials-layout--horizontal shadowcore-swap-head--no shadowcore-swap-cotent--no elementor-widget elementor-widget-shadow-testimonials-carousel\" data-id=\"997911e\" data-element_type=\"widget\" data-widget_type=\"shadow-testimonials-carousel.default\">\n\t\t\t\t<div class=\"elementor-widget-container\">\n\t\t\t\t\t<div class=\"shadowcore-testimonials-carousel\">\r\n\t\t\t<div class=\"shadowcore-owl-container owl-carousel owl-theme\" id=\"997911e\" data-gutter=\"40\" data-speed=\"1000\">\r\n\t\t\t\t\t\t\t<div class=\"shadowcore-testimonials-item align-center swiper-slide\">\r\n\t\t\t\t\t<div class=\"shadowcore-testimonials-item__content\">\r\n\t\t\t\t\t\t<p>N\u00e3o sou modelo profissional, mas gosto de boas fotos, gosto de ficar bonita no meu canal do instagram e tamb\u00e9m gosto de ganhar algum dinheiro com stock photos. A 2DO me ajuda em tudo isso e muito mais. Com profissionais fant\u00e1sticos. Muito obrigado!<\/p>\r\n\t\t\t\t\t<\/div><!-- .shadowcore-testimonials-item__content -->\r\n\t\t\t\t\t<div class=\"shadowcore-testimonials-item__author\">\r\n\t\t\t\t\t\t<div class=\"shadowcore-testimonials-item__author--image\">\r\n\t\t\t\t\t\t\t<img decoding=\"async\" src=\"https:\/\/2dofilmes.com.br\/wp-content\/uploads\/2020\/01\/testimonial01-300x300.jpg\" alt=\"Carla Santos\">\r\n\t\t\t\t\t\t<\/div>\r\n\t\t\t\t\t\t<div class=\"shadowcore-testimonials-item__author--name\">\r\n\t\t\t\t\t\t\t<span>Modelo do Instagram<\/span>\r\n\t\t\t\t\t\t\tCarla Santos\t\t\t\t\t\t\t<span>Modelo do Instagram<\/span>\r\n\t\t\t\t\t\t<\/div>\r\n\t\t\t\t\t<\/div><!-- .shadowcore-testimonials-item__author -->\r\n\t\t\t\t<\/div><!-- .shadowcore-testimonials-item -->\r\n\t\t\t\t\t\t\t\t<div class=\"shadowcore-testimonials-item align-center swiper-slide\">\r\n\t\t\t\t\t<div class=\"shadowcore-testimonials-item__content\">\r\n\t\t\t\t\t\t<p>Eu sou um desenvolvedor web. E, como se sabe, um bom clipart \u00e9 a metade de um web design de sucesso. Hoje n\u00e3o \u00e9 t\u00e3o f\u00e1cil encontrar fotos realmente boas para o site. E um dia encomendei um clipart para o meu novo projeto e os trabalhos da 2DO ficaram incr\u00edveis!<\/p>\r\n\t\t\t\t\t<\/div><!-- .shadowcore-testimonials-item__content -->\r\n\t\t\t\t\t<div class=\"shadowcore-testimonials-item__author\">\r\n\t\t\t\t\t\t<div class=\"shadowcore-testimonials-item__author--image\">\r\n\t\t\t\t\t\t\t<img decoding=\"async\" src=\"https:\/\/2dofilmes.com.br\/wp-content\/uploads\/2020\/01\/testimonial02-300x300.jpg\" alt=\"Rog\u00e9rio Moura\">\r\n\t\t\t\t\t\t<\/div>\r\n\t\t\t\t\t\t<div class=\"shadowcore-testimonials-item__author--name\">\r\n\t\t\t\t\t\t\t<span>Web Designer<\/span>\r\n\t\t\t\t\t\t\tRog\u00e9rio Moura\t\t\t\t\t\t\t<span>Web Designer<\/span>\r\n\t\t\t\t\t\t<\/div>\r\n\t\t\t\t\t<\/div><!-- .shadowcore-testimonials-item__author -->\r\n\t\t\t\t<\/div><!-- .shadowcore-testimonials-item -->\r\n\t\t\t\t\t\t\t\t<div class=\"shadowcore-testimonials-item align-center swiper-slide\">\r\n\t\t\t\t\t<div class=\"shadowcore-testimonials-item__content\">\r\n\t\t\t\t\t\t<p>A 2DO foi nossa parceira no meu casamento. Ela nos ajudou a salvar nosso momento mais brilhante da vida em fotos e v\u00eddeos fant\u00e1sticas! E parece brilhante. Ela conseguiu transmitir com clareza todas as emo\u00e7\u00f5es do evento em suas fotos. Obrigada!<\/p>\r\n\t\t\t\t\t<\/div><!-- .shadowcore-testimonials-item__content -->\r\n\t\t\t\t\t<div class=\"shadowcore-testimonials-item__author\">\r\n\t\t\t\t\t\t<div class=\"shadowcore-testimonials-item__author--image\">\r\n\t\t\t\t\t\t\t<img decoding=\"async\" src=\"https:\/\/2dofilmes.com.br\/wp-content\/uploads\/2020\/01\/testimonial03-300x300.jpg\" alt=\"Amanda Alvarenga\">\r\n\t\t\t\t\t\t<\/div>\r\n\t\t\t\t\t\t<div class=\"shadowcore-testimonials-item__author--name\">\r\n\t\t\t\t\t\t\t<span>Noiva feliz<\/span>\r\n\t\t\t\t\t\t\tAmanda Alvarenga\t\t\t\t\t\t\t<span>Noiva feliz<\/span>\r\n\t\t\t\t\t\t<\/div>\r\n\t\t\t\t\t<\/div><!-- .shadowcore-testimonials-item__author -->\r\n\t\t\t\t<\/div><!-- .shadowcore-testimonials-item -->\r\n\t\t\t\t\t\t\t\t<div class=\"shadowcore-testimonials-item align-center swiper-slide\">\r\n\t\t\t\t\t<div class=\"shadowcore-testimonials-item__content\">\r\n\t\t\t\t\t\t<p>Eu sou um modelo iniciante. Desde crian\u00e7a sonhava em ser modelo fotogr\u00e1fico. A 2DO me ajudou a fazer uma linda foto de portf\u00f3lio e agora recebo muitas ofertas de ag\u00eancias conhecidas. Sou muito grata a 2DO por seu trabalho.<\/p>\r\n\t\t\t\t\t<\/div><!-- .shadowcore-testimonials-item__content -->\r\n\t\t\t\t\t<div class=\"shadowcore-testimonials-item__author\">\r\n\t\t\t\t\t\t<div class=\"shadowcore-testimonials-item__author--image\">\r\n\t\t\t\t\t\t\t<img decoding=\"async\" src=\"https:\/\/2dofilmes.com.br\/wp-content\/uploads\/2020\/01\/testimonial04-300x300.jpg\" alt=\"Nara Medeiros\">\r\n\t\t\t\t\t\t<\/div>\r\n\t\t\t\t\t\t<div class=\"shadowcore-testimonials-item__author--name\">\r\n\t\t\t\t\t\t\t<span> Modelo Iniciante<\/span>\r\n\t\t\t\t\t\t\tNara Medeiros\t\t\t\t\t\t\t<span> Modelo Iniciante<\/span>\r\n\t\t\t\t\t\t<\/div>\r\n\t\t\t\t\t<\/div><!-- .shadowcore-testimonials-item__author -->\r\n\t\t\t\t<\/div><!-- .shadowcore-testimonials-item -->\r\n\t\t\t\t\t\t\t\t<div class=\"shadowcore-testimonials-item align-center swiper-slide\">\r\n\t\t\t\t\t<div class=\"shadowcore-testimonials-item__content\">\r\n\t\t\t\t\t\t<p>A 2DO trabalha para nossa ag\u00eancia desde que me tornei modelo. Ela \u00e9 minha primeira experi\u00eancia e meu primeiro fot\u00f3grafo profissional. Isso foi h\u00e1 muito tempo e agora \u00e0s vezes apelo a 2DO com sess\u00f5es de fotos privadas.<\/p>\r\n\t\t\t\t\t<\/div><!-- .shadowcore-testimonials-item__content -->\r\n\t\t\t\t\t<div class=\"shadowcore-testimonials-item__author\">\r\n\t\t\t\t\t\t<div class=\"shadowcore-testimonials-item__author--image\">\r\n\t\t\t\t\t\t\t<img decoding=\"async\" src=\"https:\/\/2dofilmes.com.br\/wp-content\/uploads\/2020\/01\/testimonial05-300x300.jpg\" alt=\"Betty Pedrosa\">\r\n\t\t\t\t\t\t<\/div>\r\n\t\t\t\t\t\t<div class=\"shadowcore-testimonials-item__author--name\">\r\n\t\t\t\t\t\t\t<span>Gerente de ag\u00eancia<\/span>\r\n\t\t\t\t\t\t\tBetty Pedrosa\t\t\t\t\t\t\t<span>Gerente de ag\u00eancia<\/span>\r\n\t\t\t\t\t\t<\/div>\r\n\t\t\t\t\t<\/div><!-- .shadowcore-testimonials-item__author -->\r\n\t\t\t\t<\/div><!-- .shadowcore-testimonials-item -->\r\n\t\t\t\t\t\t\t<\/div><!-- .shadowcore-testimonials-carousel -->\r\n\t\t<\/div><!-- .shadowcore-tns-container -->\r\n\t\t\t\t<\/div>\n\t\t\t\t<\/div>\n\t\t\t\t\t<\/div>\n\t\t<\/div>\n\t\t\t\t<div class=\"elementor-column elementor-col-33 elementor-top-column elementor-element elementor-element-d116950 elementor-hidden-tablet elementor-hidden-phone\" data-id=\"d116950\" data-element_type=\"column\">\n\t\t\t<div class=\"elementor-widget-wrap\">\n\t\t\t\t\t\t\t\t\t<\/div>\n\t\t<\/div>\n\t\t\t\t\t\t\t<\/div>\n\t\t<\/section>\n\t\t\t\t\t\t<\/div>\n\t\t\t\t\t<\/div>\n\t\t","protected":false},"excerpt":{"rendered":"<p>Onde a magia acontece 2DO Filmes Este \u00e9 o lugar onde trabalhamos com luzes e sombras para criar algo brilhante. Estou falando sobre a 2DO que est\u00e1 localizado na Av das Am\u00e9ricas n\u00ba12.900 &#8211; Barra da Tijuca, RJ. Aqui podemos discutir e criar seu portf\u00f3lio de fotos e v\u00eddeos em um ambiente confort\u00e1vel e profissional&#8230;.<\/p>\n","protected":false},"author":1,"featured_media":0,"parent":0,"menu_order":0,"comment_status":"closed","ping_status":"closed","template":"","meta":[],"_links":{"self":[{"href":"https:\/\/2dofilmes.com.br\/index.php\/wp-json\/wp\/v2\/pages\/253"}],"collection":[{"href":"https:\/\/2dofilmes.com.br\/index.php\/wp-json\/wp\/v2\/pages"}],"about":[{"href":"https:\/\/2dofilmes.com.br\/index.php\/wp-json\/wp\/v2\/types\/page"}],"author":[{"embeddable":true,"href":"https:\/\/2dofilmes.com.br\/index.php\/wp-json\/wp\/v2\/users\/1"}],"replies":[{"embeddable":true,"href":"https:\/\/2dofilmes.com.br\/index.php\/wp-json\/wp\/v2\/comments?post=253"}],"version-history":[{"count":63,"href":"https:\/\/2dofilmes.com.br\/index.php\/wp-json\/wp\/v2\/pages\/253\/revisions"}],"predecessor-version":[{"id":1234,"href":"https:\/\/2dofilmes.com.br\/index.php\/wp-json\/wp\/v2\/pages\/253\/revisions\/1234"}],"wp:attachment":[{"href":"https:\/\/2dofilmes.com.br\/index.php\/wp-json\/wp\/v2\/media?parent=253"}],"curies":[{"name":"wp","href":"https:\/\/api.w.org\/{rel}","templated":true}]}}